{"id":52,"date":"2018-05-23T00:02:50","date_gmt":"2018-05-22T22:02:50","guid":{"rendered":"http:\/\/serwer1786957.home.pl\/mobiwheel\/wordpress\/?page_id=7"},"modified":"2018-05-23T00:02:50","modified_gmt":"2018-05-22T22:02:50","slug":"strona-glowna","status":"publish","type":"page","link":"https:\/\/www.mobiwheel.com.pl\/","title":{"rendered":"Strona g\u0142\u00f3wna"},"content":{"rendered":"<h1 style=\"text-align: center;\"><strong>Przystawka rekreacyjna do w\u00f3zka inwalidzkiego<\/strong><\/h1>\n<h3 style=\"text-align: center;\">Zmie\u0144 sw\u00f3j w\u00f3zek inwalidzki w sprz\u0119t rekreacyjny dzi\u0119ki naszej przystawce MOBIWHEEL<\/h3>\n<p>&nbsp;<\/p>\n","protected":false},"excerpt":{"rendered":"<p>Przystawka rekreacyjna do w\u00f3zka inwalidzkiego Zmie\u0144 sw\u00f3j w\u00f3zek inwalidzki w sprz\u0119t rekreacyjny dzi\u0119ki naszej przystawce MOBIWHEEL &nbsp;<\/p>\n","protected":false},"author":1,"featured_media":0,"parent":0,"menu_order":0,"comment_status":"closed","ping_status":"closed","template":"","meta":{"footnotes":""},"class_list":["post-52","page","type-page","status-publish","hentry"],"_links":{"self":[{"href":"https:\/\/www.mobiwheel.com.pl\/index.php\/wp-json\/wp\/v2\/pages\/52","targetHints":{"allow":["GET"]}}],"collection":[{"href":"https:\/\/www.mobiwheel.com.pl\/index.php\/wp-json\/wp\/v2\/pages"}],"about":[{"href":"https:\/\/www.mobiwheel.com.pl\/index.php\/wp-json\/wp\/v2\/types\/page"}],"author":[{"embeddable":true,"href":"https:\/\/www.mobiwheel.com.pl\/index.php\/wp-json\/wp\/v2\/users\/1"}],"replies":[{"embeddable":true,"href":"https:\/\/www.mobiwheel.com.pl\/index.php\/wp-json\/wp\/v2\/comments?post=52"}],"version-history":[{"count":0,"href":"https:\/\/www.mobiwheel.com.pl\/index.php\/wp-json\/wp\/v2\/pages\/52\/revisions"}],"wp:attachment":[{"href":"https:\/\/www.mobiwheel.com.pl\/index.php\/wp-json\/wp\/v2\/media?parent=52"}],"curies":[{"name":"wp","href":"https:\/\/api.w.org\/{rel}","templated":true}]}}